0).
6
Let n(v) = -22147*v + 132895. Give n(6).
13
Let n(d) = d**3 - 20*d**2 + 86*d + 72. Determine n(8).
-8
Let q(h) = h**3 - 85*h**2 - 352*h - 303. Determine q(89).
53
Let n(y) = -y**3 - 40*y**2 - 143*y + 2. Determine n(-36).
-34
Let p(d) = -d**3 + 10*d**2 + 207*d - 1780. What is p(8)?
4
Let b(l) = l**2 + l + 48. Calculate b(-10).
138
Let c(w) = -w**2 - 600*w + 8552. What is c(14)?
-44
Let u(x) = 158*x**3 + 3*x**2 - 76*x + 74. What is u(1)?
159
Let p(h) = -895*h + 4472. Calculate p(5).
-3
Let v(c) = -c**2 + 31*c - 215. Calculate v(20).
5
Let a(f) = f**3 - 12*f**2 - 80*f + 338. Give a(3).
17
Let n(i) = -20*i**3 + 26*i**2 - 67*i + 1. What is n(3)?
-506
Let z(c) = -11*c**2 - 140*c + 56. Determine z(-13).
17
Let x(o) = 288*o - 1663. Give x(6).
65
Let b(d) = -16*d**2 + d + 2. What is b(-4)?
-258
Let z(f) = -201*f + 6002. Give z(30).
-28
Let r(s) = -3*s**2 + 10*s + 23. Calculate r(3).
26
Let t(j) = 136*j**2 + 670*j - 45. What is t(-5)?
5
Let f(z) = 2*z**3 - 39*z**2 + 3*z - 189. Determine f(21).
1197
Let b(x) = 7*x**2 - 255*x - 179. Determine b(37).
-31
Let g(h) = -517*h - 2590. Calculate g(-5).
-5
Let f(u) = 446*u + 2680. Give f(-6).
4
Let b(v) = -275*v**2 + 11*v + 14. Give b(-1).
-272
Let s(b) = -4*b**2 - 28*b - 170. Calculate s(-12).
-410
Let h(t) = -19*t - 77. Give h(-4).
-1
Let j(q) = -q**2 + 18*q + 475. Give j(33).
-20
Let g(v) = -1156*v - 3386. Calculate g(-3).
82
Let q(o) = -3*o**3 + 13*o**2 + 2*o - 66. Calculate q(5).
-106
Let u(t) = -t**3 - 10*t**2 + 45*t - 18. Determine u(3).
0
Let u(h) = -h**3 + 11*h**2 + 44*h - 65. Calculate u(14).
-37
Let p(z) = -z**3 + 7*z**2 - 431*z + 2527. Calculate p(6).
-23
Let l(k) = 7*k**3 - 4*k**2 - 22*k + 31. Calculate l(0).
31
Let d(q) = q**3 + 6*q**2 - 4. What is d(-4)?
28
Let n(i) = 4*i - 38. Determine n(21).
46
Let l(y) = y**2 + 47*y + 174. Give l(-4).
2
Let u(n) = 19*n + 132. Calculate u(-9).
-39
Let k(f) = 2*f**3 + 64*f**2 - 4*f + 28. Give k(-32).
156
Let f(p) = -p**3 + 6*p**2 + 109*p - 360. Give f(3).
-6
Let j(d) = d**3 + d**2 - 332*d - 1753. Determine j(20).
7
Let q(w) = -140*w - 1945. Give q(-14).
15
Let w(k) = -2*k + 353. Calculate w(50).
253
Let b(x) = -92*x - 5613. Give b(-61).
-1
Let v(a) = a**3 + 24*a**2 + 56*a - 153. Determine v(-21).
-6
Let y(l) = 3*l**3 - 46*l**2 - 12*l - 79. What is y(16)?
241
Let l(y) = 3*y**3 + 47*y**2 + 119*y - 161. Determine l(-12).
-5
Let a(v) = v**3 + 47*v**2 - 569*v - 16. Calculate a(10).
-6
Let i(d) = 2*d**3 - 141*d**2 + 345*d - 334. Calculate i(68).
6
Let z(k) = -14027*k - 14024. Calculate z(-1).
3
Let f(z) = -z**3 - 5*z**2 - 34*z + 172. What is f(3)?
-2
Let y(i) = 121*i - 8191. Determine y(67).
-84
Let p(w) = -w**3 - 36*w**2 + 4*w + 76. Calculate p(-36).
-68
Let h(i) = 3*i**2 + 92*i + 619. Calculate h(-10).
-1
Let z(i) = 4*i**3 - 17*i**2 + 53*i - 51. Determine z(7).
859
Let t(c) = -64*c**3 + 320*c**2 + c + 2. Determine t(5).
7
Let r(p) = -2*p**2 + 7494*p - 82191. Calculate r(11).
1
Let g(k) = 9*k**2 - 637*k - 152. Determine g(71).
-10
Let o(f) = -8*f**2 + 144*f - 58. Give o(17).
78
Let n(l) = -l**2 + 7*l - 12. Determine n(8).
-20
Let n(j) = -j**3 - j**2 + 110*j + 24. Calculate n(10).
24
Let b(o) = 6*o**2 - 2*o - 4. Give b(0).
-4
Let a(u) = -137*u - 2090. Give a(-13).
-309
Let k(w) = 2*w**2 - 157*w + 1222. Give k(8).
94
Let f(j) = 363*j - 616. Give f(2).
110
Let l(r) = 2*r**2 - 117*r + 112. Determine l(59).
171
Let s(g) = -3*g**3 - 85*g**2 + 11*g + 6. Determine s(0).
6
Let y(b) = -b**3 - 152*b**2 + 152*b - 146. Give y(-153).
7
Let v(t) = 13*t - 18. Give v(-13).
-187
Let b(c) = c**2 + 178*c + 518. Give b(-3).
-7
Let r(q) = -16*q**2 - 126*q - 249. Calculate r(-2).
-61
Let v(m) = -7*m**3 - m**2 + 106*m - 3. What is v(0)?
-3
Let p(w) = 2*w**3 - 391*w**2 - 1799*w - 197. Calculate p(200).
3
Let m(f) = 8*f**2 - 776*f - 1. Determine m(97).
-1
Let u(i) = 478*i - 47327. Calculate u(99).
-5
Let y(m) = 76*m**3 - 163*m**2 + 2*m + 8. What is y(2)?
-32
Let h(t) = t**3 - 66*t**2 - 595*t + 229. Determine h(74).
7
Let l(k) = 9907*k + 158518. What is l(-16)?
6
Let d(h) = 364*h + 362. What is d(-1)?
-2
Let v(x) = -13*x**2 - 12*x - 11. Determine v(-1).
-12
Let d(b) = 2*b**3 + 412*b**2 - 397*b + 3518. Calculate d(-207).
-1
Let w(r) = -10*r**2 - 229*r - 62. Calculate w(-23).
-85
Let g(k) = -k**3 + 42*k**2 - 274*k + 61. What is g(34)?
-7
Let b(n) = -28*n - 226. What is b(0)?
-226
Let l(n) = -2*n**3 - 3*n**2 + 12*n - 4. Calculate l(-5).
111
Let d(t) = 49*t**2 - 15*t - 16. Give d(-1).
48
Let t(c) = 18*c + 339. What is t(-31)?
-219
Let m(q) = -3*q**3 - 884*q**2 + 1179*q - 1492. Determine m(-296).
-12
Let z(i) = -2*i**3 + 31*i**2 - 117*i + 58. Give z(10).
-12
Let y(t) = -105*t**2 + 2416*t - 27. Calculate y(23).
-4
Let s(d) = d**3 + 41*d**2 + 271*d + 235. What is s(-33)?
4
Let t(r) = -r**3 - 109*r**2 - 993*r + 9. What is t(-10)?
39
Let z(a) = 4*a**3 - 56*a**2 - 5*a + 13. Calculate z(14).
-57
Let d(c) = c + 133. Determine d(-25).
108
Let f(z) = z**2 + 24*z - 1423. Determine f(28).
33
Let p(r) = -r**3 + 11*r**2 + 2*r - 48. Give p(11).
-26
Let d(y) = 64*y + 216. Calculate d(-3).
24
Let t(z) = 43*z + 700. Calculate t(-20).
-160
Let n(d) = d**3 + 17*d**2 - 91*d - 1038. Calculate n(-10).
572
Let t(d) = -7*d + 352. Determine t(0).
352
Let b(i) = i**3 + 54*i**2 + 438*i - 8. What is b(-10)?
12
Let k(m) = -105*m + 82. Determine k(3).
-233
Let v(t) = -t**3 - 16*t**2 + 110*t - 33. Calculate v(5).
-8
Let q(l) = -167*l - 481. Determine q(-3).
20
Let p(h) = h**3 - 371*h**2 + 1827*h + 15. What is p(5)?
0
Let q(r) = -r**3 - 28*r**2 + 182*r + 570. Give q(-33).
9
Let x(p) = -23*p - 28. Determine x(0).
-28
Let s(y) = y**3 + 9*y**2 + 15*y + 5. What is s(-7)?
-2
Let w(c) = 17*c - 1355. Calculate w(80).
5
Let n(q) = q**3 - 13*q**2 + 29*q - 224. Give n(11).
-147
Let z(n) = 43*n**3 + 18*n**2 + 5*n + 3. What is z(-1)?
-27
Let n(i) = 2*i**2 + 163*i + 33. Calculate n(-81).
-48
Let j(f) = 54*f**3 - 2*f**2 - 26*f + 29. Determine j(1).
55
Let g(x) = -118*x + 3091. Give g(23).
377
Let h(o) = -20*o - 1161. Calculate h(-59).
19
Let q(y) = -y**3 + 47*y - 14. What is q(-7)?
0
Let u(b) = 2*b**2 + 7*b + 10. What is u(-5)?
25
Let r(k) = -k**3 - 31*k**2 - 103*k - 18. What is r(-27)?
-153
Let v(l) = 17*l**2 - 1446*l + 72. Calculate v(85).
-13
Let c(g) = -g**2 + 45*g + 2668. Calculate c(-35).
-132
Let p(b) = -605*b - 4. Determine p(0).
-4
Let t(q) = q**2 + 32*q + 106. Calculate t(-5).
-29
Let g(b) = 40*b**2 - 30*b - 28. What is g(-1)?
42
Let p(a) = -51*a - 4592. What is p(-89)?
-53
Let d(h) = 57*h - 360. Calculate d(10).
210
Let h(k) = 2*k**3 - 48*k**2 - 53*k + 60. Determine h(25).
-15
Let i(t) = 143*t - 8438. Determine i(59).
-1
Let w(n) = 3*n**2 + 40*n - 3. What is w(-11)?
-80
Let a(y) = -y**2 + 38*y + 6842. Determine a(104).
-22
Let k(b) = -7*b**2 - 102*b + 939. Calculate k(-21).
-6
Let q(u) = 3*u**2 - 29*u - 209. Determine q(14).
-27
Let x(g) = -7*g - 1286. Determine x(-123).
-425
Let i(d) = 55*d**2 - 2297*d - 528. What is i(42)?
18
Let p(v) = 465*v + 9305. Give p(-20).
5
Let h(f) = 1488*f + 8959. What is h(-6)?
31
Let q(j) = 72*j**2 - 723*j + 26. Calculate q(10).
-4
Let m(v) = 78*v**2 + v - 2. Give m(1).
77
Let o(z) = z**2 + 53*z - 2016. Determine o(26).
38
Let m(x) = -756*x**2 - 5290*x + 21. What is m(-7)?
7
Let k(n) = -237*n + 2349. Calculate k(10).
-21
Let z(l) = -3*l**3 + 35*l**2 - 88*l - 4. Determine z(8).
-4
Let a(l) = l**2 + 21*l + 119. Determine a(-10).
9
Let q(n) = 10*n - 252. What is q(47)?
218
Let h(z) = -21*z**3 + 381*z**2 + 777*z + 54. What is h(20)?
-6
Let r(u) = -u**3 - 53*u**2 + 52*u - 56. What is r(-54)?
52
Let c(m) = -2*m**3 + 25*m**2 - 16*m + 1. Give c(12).
-47
Let r(t) = 189*t + 4850. Calculate r(-25).
125
Let b(w) = -10*w**2 - 6*w - 4. What is b(5)?
-284
Let i(k) = -9*k**2 - 30*k + 3. Give i(-3).
12
Let g(c) = -c**3 - 19*c**2 - 115*c + 15. Give g(-6).
237
Let t(a) = a**3 - 54*a**2 + 99*a + 256. Determine t(52).
-4
Let h(w) = 4*w**2 - 53*w + 7. Calculate h(18).
349
Let l(q) = 10*q**2 + 162*q + 659. Calculate l(-7).
15
Let m(i) = -i**2 - 46*i - 117. Determine m(-44).
-29
Let i(m) = -14*m**3 - 123*m**2 + 12*m - 126. What is i(-9)?
9
Let q(o) = -3089*o - 6179. What is q(-2)?
-1
Let c(f) = -97*f - 347. What is c(-4)?
41
Let p(m) = 221*m + 449. Give p(-2).
7
Let b(p) = -1718*p - 13730. Determine b(-8).
14
Let q(